be the first derivative of i(y). What is b(6)?
25
Suppose 0 = 2*f - f. Suppose -2*p - 2*p = f. Let w(n) = 22 + 5*n**2 - 39 + 0*n + n - 4*n**2 - 2. Give w(p).
-19
Let z(n) be the third derivative of -n**5/30 + 3*n**4/8 + 11*n**3/3 + 2*n**2 + 4*n - 110. Determine z(-2).
-4
Let t(i) = 5*i**2 + i - 4. Let k(p) = -19*p**2 - 11*p + 9. Let g(a) = -k(a) - 3*t(a). Give g(-2).
3
Let r(i) = 4*i**2 - 34*i - 72. Suppose -23 = a - 429*o + 426*o, 0 = 3*a + 2*o - 8. Determine r(a).
12
Suppose -5*h - 11*h = 15*h - 558. Let k(b) = -b**2 + 16*b + 14. Give k(h).
-22
Suppose -59*k + 15960 = 361*k. Let z(t) = t**3 - 38*t**2 - t + 46. What is z(k)?
8
Let l(k) = -k**3 - 4 + 8 - 2 - 2*k**2. Let a = 203 + -203. Suppose -5*j + 5*d - 25 = a, -d + 8 = -7*j + 5*j. What is l(j)?
11
Let j(k) be the first derivative of -11*k**2 - 2*k - 599. Determine j(-1).
20
Let q(r) = -2*r**3 + 14*r**2 - 20*r - 1. Let i(n) = -5*n**3 - n**2 - 3*n - 2. Let b be i(-1). What is q(b)?
-1
Let f be (3 - 39/9)*-3. Suppose -53 = 5*n + f*s, -5*n - 3*s = -11 + 62. Let o(r) = r**2 + 6 - 8 + 8*r - 7. Give o(n).
0
Let u be 178/(-26) + (-12)/78. Let r(m) = m**3 + 7*m**2 - 2*m + 5. Let b(w) = w**3 + 7*w**2 - 2*w + 8. Let q(t) = -3*b(t) + 4*r(t). Calculate q(u).
10
Let a = 69 + -68. Let u(t) = a - 10*t - 7*t + 19*t + 0*t**2 + t**2. Let g = -17 - -15. Calculate u(g).
1
Let v(o) be the second derivative of -34*o**3/3 - 261*o**2/2 + 9072*o. Give v(-4).
11
Let w = -991 - -1566. Let t = w - 580. Let a(q) = -2*q**3 - 12*q**2 - 19*q + 19. Let n(o) = o**3 + 6*o**2 + 9*o - 9. Let l(i) = 3*a(i) + 7*n(i). Calculate l(t).
-11
Let c(g) be the second derivative of 1/20*g**5 - 3/2*g**3 - 5/2*g**2 - 2*g + 2/3*g**4 + 2. Calculate c(-9).
-5
Let f(t) = -t - 3. Suppose 2*r = -r + 60. Let d(l) = l**2 + 15*l + 30. Let x be d(-6). Let q = r + x. What is f(q)?
1
Let r(s) = 11*s - 20. Suppose 12*i = -69 + 20 - 23. Determine r(i).
-86
Let s(k) = k**2 - 14*k + 11. Let a(v) = v**2 - 40*v + 293. Let w be a(31). Determine s(w).
11
Let t(a) = -2*a**3 - 9*a**2 - 4*a - 4. Let f(y) = -2*y - 21 - 4*y**2 + 0*y**2 - 6*y**3 + 18 - y + 5*y**3. Let b(i) = 5*f(i) - 3*t(i). Give b(-7).
18
Let p(x) = 36*x - 19. Let m(t) = -55*t + 29. Let a(n) = 5*m(n) + 8*p(n). Let j(q) = 4*q. Let s(r) = a(r) - 3*j(r). Determine s(5).
-2
Let l(i) be the third derivative of -i**5/60 + 3*i**4/8 - 5*i**3/3 + 982*i**2. Give l(3).
8
Let v(i) = 2*i + 10. Let l(p) = -3*p - 11. Let u(w) = -w. Let q(d) = l(d) + 2*u(d). Let z(x) = -2*q(x) - 3*v(x). What is z(4)?
8
Let c(w) be the third derivative of 30*w**2 - 2/3*w**3 + 1/120*w**6 - 1/4*w**4 + 0*w + 1/12*w**5 + 0. Let b(r) = r**2 + 9*r - 6. Let a be b(-9). Calculate c(a).
-4
Let z(b) = -b**2 - b + 40. Suppose -2 = -m + 2*v, 4*m - 66 = -3*v - 36. What is z(m)?
-2
Let a(l) = -2*l + 5. Let s(n) be the first derivative of -n**4/2 + 7*n**3 - 7*n**2/2 - 24*n + 51. Let g be s(10). Determine a(g).
-7
Let x(l) = -9 + 19309*l**2 - 9657*l**2 - 9653*l**2 - 6*l. Let b = 8 + -13. Determine x(b).
-4
Let c(w) = -2*w - 2. Let i(m) = -m**2 + 8*m - 1. Let r be i(7). Let k be 2 + -1 + 1/1. Suppose k = t + r. Determine c(t).
6
Let c(i) = -2*i - 6. Suppose -l - 4*t = -8 - 0, 2*t = 2*l - 26. Suppose -129*z + 133*z = -l. Calculate c(z).
0
Suppose -12 = c - 7. Let n be -3 + (-8)/10*c. Let g(r) = -r. Determine g(n).
-1
Let j(a) = -4*a + 5 - a**2 - 2 + 4*a. Suppose -13*u + 3*u + 3030 = 0. Suppose -u*m + 9 = -306*m. Determine j(m).
-6
Let p(z) = -z**3 + 2*z**2 + 3. Let f(t) = -4*t**3 + 19*t**2 - 40*t + 35. Let s(u) = -f(u) + 3*p(u). Calculate s(9).
10
Let y(n) = 3*n**2 + 5*n. Let h be 1 + 2/((-4)/26*-1). Let g = 10 - h. Calculate y(g).
28
Let q = -65 + 134. Let v = 61 - q. Let a(o) = o**3 + 8*o**2 + 2*o + 8. Calculate a(v).
-8
Let u(i) = i**2 + 73*i + 147. Let y = -30921 - -30919. What is u(y)?
5
Let s = 63 - 60. Let y(n) = -3*n**3 + 7*n**2 - 2*n - 3. Let v(h) = -7*h**3 + 15*h**2 - 3*h - 7. Let p(z) = -2*v(z) + 5*y(z). Determine p(s).
5
Let f be (18 - -3)/3 - 2. Suppose -6 = -b + 2*s, f*b + 3*s - 23 = 20. Let d(o) be the third derivative of -o**4/12 + 11*o**3/6 + 147*o**2. Give d(b).
-5
Let z(s) be the third derivative of -7*s**5/30 - s**4/24 + 13*s**2 - 28. What is z(-1)?
-13
Let c be 0 - 4*(3 - 2). Let q(f) = 7*f - 10*f - 699 - 2*f**2 + 234 + 233 + 3*f**2 + 229. Calculate q(c).
25
Let h(x) = -11*x + 106. Let u(i) = -4*i + 36. Let n(y) = -y**3 + 32*y**2 + y - 49. Let g be n(32). Let d(b) = g*u(b) + 6*h(b). Give d(-12).
0
Suppose -9*k - 1698 = -44*k - 248*k. Let x(w) be the first derivative of -w - k - 1/3*w**3 + 1/2*w**2. Calculate x(2).
-3
Let k(d) = -12 - 3*d + 5*d + d - 3 - 15. What is k(7)?
-9
Suppose -68*l + 7 = -0 - 129. Let d(x) be the first derivative of 0*x**2 + l*x**3 + 2 - 1/4*x**4 + 4*x. What is d(6)?
4
Let y(j) = 4*j**3 - 507 - 8*j**2 - 3*j**3 + 503. Determine y(8).
-4
Let f(s) = -2*s + 14. Let i = -762 - -681. Let p be (-8)/(-6)*-3 + i/(-9). Calculate f(p).
4
Let n(g) = 22*g + 63. Suppose 158 = -i + 2*m + 167, 3*m = 5*i - 3. What is n(i)?
-3
Suppose 0 = 6*l - 4*l - 148. Let g = l + -69. Let r(k) = 3 - k**2 + g*k**2 + 2*k + 3*k - 3*k**2. Calculate r(-4).
-1
Let t(u) = -6*u - 6*u + 4*u. Suppose -d - 5*s = -4*d + 13, -3*s - 5 = d. Calculate t(d).
-8
Let s(u) be the first derivative of 2*u**3/3 + 6*u**2 - 21*u - 2295. What is s(-8)?
11
Let c(a) = 3*a**2 + 2*a - 35. Let x be c(0). Let j = -7 + 6. Let r be -3 - (j/(-2) + x/14). Let s(z) = 10*z**2 + z. Calculate s(r).
9
Let o(t) = 7*t**3 + 5*t**2 - 9*t - 28. Let q(y) = 19*y**3 + 15*y**2 - 27*y - 82. Let z(x) = 8*o(x) - 3*q(x). Determine z(-6).
4
Let j(u) = -21*u**2 + 5*u - 579. Let t(c) = -4*c**2 + 4*c - 116. Let b(a) = 2*j(a) - 11*t(a). Calculate b(5).
-2
Let a(b) = -b - 8. Suppose 14 = -2*o + 6. Let x be (-3 + (-3)/(6/o))*0. Suppose -2*y - 4*f + 8 = -4*y, f = x. Determine a(y).
-4
Let l(k) = -k**2 - 14*k + 5. Let z be l(-14). Let s(f) = -z*f**2 + 5*f**3 + 4*f**3 + f - 4*f**3 - 6*f**3. Calculate s(-5).
-5
Let x(d) = 15*d**3 + d**2 + 2 + 8*d - 3*d**3 + d**2 + 11 - 23. Give x(1).
12
Let d(r) = 68*r + 68 + 239*r - 320*r. Calculate d(7).
-23
Let n(f) = -20*f - 14 + 6 + 9 + 21*f. Suppose 1 + 3 = t - 4*a, 0 = -4*t - 3*a - 3. What is n(t)?
1
Let u(h) be the first derivative of -h**3/3 - 5*h**2 + 3*h - 25. Suppose -4*q + 200 = -29*q. Determine u(q).
19
Let p(b) = 2*b. Let f be (1/(-4))/(67/(-536)). Let a(j) be the third derivative of j**5/60 - j**4/12 + j**3/6 - j**2. Let g be a(f). Determine p(g).
2
Let g(s) = s. Suppose -6*w = -7*w - 1. Let z(k) = k**2 + 4*k - 1. Let u(r) = w*z(r) + 2*g(r). Give u(1).
-2
Let g(j) = 17*j - 193. Let z(l) = 15*l - 195. Let y(t) = 2*g(t) - 3*z(t). What is y(18)?
1
Let s(l) = -l**2 - 8*l - 8. Suppose -n - 9 = -0*n. Let v be 1 - n*(-4)/(-3). Suppose 0 = -3*f - 5*h - v, 3*f + 7 = -2*h - 9. Determine s(f).
4
Let p(d) be the third derivative of 0*d + 0 + 1/120*d**6 + 0*d**3 - 8*d**2 + 1/4*d**4 - 3/20*d**5. What is p(8)?
-16
Let b = 35 + -21. Let i be (b + -12)/((-1)/3). Let x(r) be the first derivative of -r**2 - 8*r + 2. Give x(i).
4
Let o(q) be the first derivative of q**4/4 - 26*q**3/3 - 25*q**2/2 - 57*q + 1954. Give o(27).
-3
Let f(v) = -v**2 + v - 2. Let c be f(1). Let s = 2 - c. Let q(o) be the third derivative of o**4/24 - o**3/2 + 3*o**2. Give q(s).
1
Let g(l) = 3*l - 3. Let d be -8*5/((-240)/18). Suppose -3*p = -d*z + 9, -6*p - 5*z - 35 = -p. Calculate g(p).
-18
Let r(p) = -6*p**2 - p - 15. Let l(m) = 7*m**2 + m + 18. Let t(x) = -5*l(x) - 6*r(x). Let b(n) = 2*n + 7. Let w be b(-5). Calculate t(w).
6
Let f(o) = -o**2 + 5*o - 4. Suppose 147*v - 174 = -121 + 535. Calculate f(v).
0
Let u = 6 - 11. Let f(o) = 3*o - 2. Let y(i) = -2*i - 1. Let k = 13 - 16. Let d(b) = k*y(b) - f(b). Determine d(u).
-10
Let f(j) = -j**2 + 6*j + 2. Let i be (9/(-3))/6*0/1. Suppose 5*m = -4*g + 41, 2*g + i*m - 17 = m. Calculate f(g).
-25
Let r be (2/12)/(5/(-15))*-2. Let x(d) = -1. Let w(k) = k**2 + 15*k + 9. Let b(m) = r*w(m) + 5*x(m). Give b(-14).
-10
Let a(h) be the third derivative of -h**6/60 - 17*h**5/60 + 7*h**4/24 - 11*h**3/6 - 1751*h**2. Determine a(-9).
7
Let r(p) = -1. Let u(k) = k**2 + 6*k - 6. Let g = -31 - -32. Let x(a) = g*r(a) + u(a). Suppose 3*w + 5 = -13. Calculate x(w).
-7
Let q(p) be the first derivative of -p**4/4 - 4*p**3/3 + 3*p**2 + 3*p + 1769. Determine q(-6).
39